inder when 39653364 is divided by 170.
14
What is the remainder when 19723550 is divided by 197?
107
What is the remainder when 946485 is divided by 32636?
41
What is the remainder when 859275 is divided by 2550?
2475
What is the remainder when 415171 is divided by 4370?
21
What is the remainder when 79434206 is divided by 2707?
2705
Calculate the remainder when 5353455 is divided by 296.
295
Calculate the remainder when 202760 is divided by 20256.
200
What is the remainder when 148815063 is divided by 3521?
3519
Calculate the remainder when 272002 is divided by 162.
4
Calculate the remainder when 67953 is divided by 175.
53
What is the remainder when 11533223 is divided by 3847?
3764
What is the remainder when 785211 is divided by 392605?
1
Calculate the remainder when 176454 is divided by 1712.
118
Calculate the remainder when 5862826 is divided by 63041.
13
What is the remainder when 103285 is divided by 2860?
325
What is the remainder when 38957235 is divided by 19?
15
Calculate the remainder when 112962 is divided by 37628.
78
What is the remainder when 259049 is divided by 13601?
630
Calculate the remainder when 305277 is divided by 350.
77
Calculate the remainder when 787498 is divided by 242.
30
Calculate the remainder when 28395 is divided by 4352.
2283
Calculate the remainder when 177274 is divided by 35398.
284
What is the remainder when 318248696 is divided by 899?
898
What is the remainder when 316844 is divided by 52690?
704
Calculate the remainder when 431872 is divided by 71977.
10
What is the remainder when 284517 is divided by 210?
177
Calculate the remainder when 12588095 is divided by 140.
135
What is the remainder when 3716962 is divided by 158?
12
Calculate the remainder when 2186608 is divided by 156186.
4
What is the remainder when 15826326 is divided by 55?
21
What is the remainder when 2494185 is divided by 36679?
13
What is the remainder when 389603 is divided by 453?
23
Calculate the remainder when 172360 is divided by 262.
226
Calculate the remainder when 178154 is divided by 696.
674
What is the remainder when 1331588 is divided by 25124?
16
Calculate the remainder when 158215432 is divided by 26.
24
What is the remainder when 466774 is divided by 387?
52
What is the remainder when 29571397 is divided by 5095?
17
Calculate the remainder when 55991 is divided by 30.
11
Calculate the remainder when 76745 is divided by 835.
760
What is the remainder when 33749112 is divided by 619?
613
What is the remainder when 8833263 is divided by 161?
159
Calculate the remainder when 2206071 is divided by 1.
0
What is the remainder when 1525373 is divided by 139?
126
What is the remainder when 420544 is divided by 17520?
64
Calculate the remainder when 306240 is divided by 1576.
496
What is the remainder when 395146 is divided by 130412?
3910
What is the remainder when 141267 is divided by 1614?
849
What is the remainder when 647795 is divided by 215926?
17
Calculate the remainder when 4048843 is divided by 2024419.
5
Calculate the remainder when 3846043 is divided by 527.
524
What is the remainder when 67477658 is divided by 3110?
3098
Calculate the remainder when 4896 is divided by 119.
17
What is the remainder when 1294145 is divided by 143?
138
What is the remainder when 30337 is divided by 704?
65
Calculate the remainder when 491145 is divided by 163713.
6
What is the remainder when 50010061 is divided by 16670009?
34
Calculate the remainder when 1737736 is divided by 289622.
4
Calculate the remainder when 323770198 is divided by 3090.
3088
What is the remainder when 61792 is divided by 936?
16
What is the remainder when 1511887 is divided by 3666?
1495
What is the remainder when 53685121 is divided by 17895040?
1
Calculate the remainder when 112271 is divided by 856.
135
What is the remainder when 460581 is divided by 4899?
75
Calculate the remainder when 5354476 is divided by 446206.
4
Calculate the remainder when 85803 is divided by 42873.
57
Calculate the remainder when 31138995 is divided by 1781.
1772
Calculate the remainder when 796487 is divided by 79644.
47
What is the remainder when 122727 is divided by 300?
27
What is the remainder when 100002 is divided by 2349?
1344
What is the remainder when 1388897 is divided by 9197?
150
Calculate the remainder when 2280755 is divided by 865.
615
Calculate the remainder when 487238 is divided by 162314.
296
Calculate the remainder when 15928370 is divided by 1478.
1442
What is the remainder when 192913 is divided by 63879?
1276
Calculate the remainder when 19796008 is divided by 1930.
1928
What is the remainder when 3127134 is divided by 164584?
38
What is the remainder when 7847213 is divided by 2253?
14
What is the remainder when 34277971 is divided by 2285194?
61
What is the remainder when 420720 is divided by 5059?
823
What is the remainder when 36127 is divided by 3484?
1287
Calculate the remainder when 16346 is divided by 4025.
246
Calculate the remainder when 232770 is divided by 4763.
4146
What is the remainder when 48268150 is divided by 115?
5
What is the remainder when 652397 is divided by 34236?
1913
What is the remainder when 75535199 is divided by 24?
23
What is the remainder when 904500 is divided by 90430?
200
What is the remainder when 50850 is divided by 2417?
93
What is the remainder when 44333 is divided by 1918?
219
What is the remainder when 2763852 is divided by 95301?
123
What is the remainder when 7605831 is divided by 103?
2
What is the remainder when 765955 is divided by 764113?
1842
What is the remainder when 100145 is divided by 4152?
497
Calculate the remainder when 54973 is divided by 6737.
1077
What is the remainder when 92767865 is divided by 2?
1
Calculate the remainder when 512875 is divided by 1051.
1038
What is the remainder when 134649 is divided by 64433?
5783
What is the remainder when 31885160 is divided by 741515?
15
What is the remainder when 138650 is divided by 46201?
47
Calculate the remainder when 123548 is divided by 973.
950
Calculate the remainder when 264314178 is divided by 7726.
7718
What is the remainder when 1147339 is divided by 573613?
113
Calculate the remainder when 318177 is divided by 1433.
51
Calculate the remainder when 1201859375 is divided by 422.
421
Calculate the remainder when 8607652 is divided by 337.
335
Calculate the remainder when 1791989 is divided by 597313.
50
What is the remainder when 255691 is divided by 18250?
191
Calculate the remainder when 110401 is divided by 109331.
1070
What is the remainder when 52895198 is divided by 2386?
2350
Calculate the remainder when 22453485 is divided by 242.
241
What is the remainder when 231512 is divided by 1691?
1536
Calculate the remainder when 21448981 is divided by 12890.
21
What is the remainder when 2328349 is divided by 776116?
1
Calculate the remainder when 2719851 is divided by 477.
474
Calculate the remainder when 13048 is divided by 6020.
1008
What is the remainder when 5052277 is divided by 842034?
73
What is the remainder when 17209519 is divided by 58?
49
What is the remainder when 21596102 is divided by 334?
330
What is the remainder when 235956 is divided by 3860?
496
Calculate the remainder when 31388676 is divided by 215.
181
What is the remainder when 3106656 is divided by 13?
7
What is the remainder when 113830 is divided by 1255?
880
Calculate the remainder when 5989775 is divided by 292.
271
What is the remainder when 31219372 is divided by 753?
745
Calculate the remainder when 436517 is divided by 436298.
219
What is the remainder when 4735785 is divided by 8236?
85
What is the remainder when 595939 is divided by 106?
7
Calculate the remainder when 317622 is divided by 317621.
1
Calculate the remainder when 277049 is divided by 541.
57
What is the remainder when 29649 is divided by 29554?
95
What is the remainder when 905556 is divided by 301220?
1896
What is the remainder when 1203092 is divided by 3668?
3656
What is the remainder when 72047 is divided by 5489?
690
What is the remainder when 13357841 is divided by 63307?
64
Calculate the remainder when 9023749 is divided by 16.
5
What is the remainder when 70747749 is divided by 112?
37
Calculate the remainder when 1062684 is divided by 12651.
0
What is the remainder when 3338062 is 